{"id":4,"date":"2019-11-24T21:05:13","date_gmt":"2019-11-24T21:05:13","guid":{"rendered":"http:\/\/gfmvb.com\/?page_id=4"},"modified":"2025-11-02T20:18:26","modified_gmt":"2025-11-02T20:18:26","slug":"one-page-express","status":"publish","type":"page","link":"https:\/\/gfmvb.com\/","title":{"rendered":"Front Page"},"content":{"rendered":"<div  id=\"overlapable-2\" style=\"background-color: #ffffff;\" data-label=\"Overlapable\" data-id=\"stripped-coloured-icon-boxes\" data-category=\"overlapable\" class=\"features-coloured-icon-boxes-section\" data-overlap=\"true\"> <div  class=\"gridContainer\"> <div  class=\"features-coloured-icon-boxes-innerrow flexbox-list dark-text\" data-type=\"row\"> <div  class=\"features-coloured-icon-boxes-featurecol cp3cols\"> <div  class=\"features-coloured-icon-boxes-iconcontainer\" data-content-item-container=\"true\"> <i  data-cp-fa=\"true\" class=\"features-coloured-icon fa fa-id-badge\"><\/i> <\/div> <h4  class=\"\">Regular Membership<\/h4> <p  class=\"\">Regular mebership: 50 euro per year\n<\/p> <a class=\"features-coloured-button\" href=\"https:\/\/gfmvb.com?page_id=1613\" target=\"_self\" rel=\"noopener noreferrer\">Registration form<\/a> <\/div> <div  class=\"features-coloured-icon-boxes-featurecol cp3cols\"> <div  class=\"features-coloured-icon-boxes-iconcontainer\" data-content-item-container=\"true\"> <i  data-cp-fa=\"true\" class=\"features-coloured-icon fa fa-institution\"><\/i> <\/div> <h4  class=\"\">Student membership<\/h4> <p  class=\"\">Student membership: 20 euro per year\n<\/p> <a class=\"features-coloured-button\" href=\"https:\/\/gfmvb.com?page_id=1613\" target=\"_self\" rel=\"noopener noreferrer\">Registration form<\/a> <\/div> <div  class=\"features-coloured-icon-boxes-featurecol cp3cols\"> <div  class=\"features-coloured-icon-boxes-iconcontainer\" data-content-item-container=\"true\"> <i  data-cp-fa=\"true\" class=\"features-coloured-icon fa fa-file-pdf-o\"><\/i> <\/div> <h4  class=\"\">PCVB2025<br >Conference Registration<br >\u201cOPEN\u201d <\/h4>  <a class=\"features-coloured-button\" href=\"https:\/\/www.pcvb2025.de\" target=\"_blank\" rel=\"noopener noreferrer\">Registration is open<\/a> <\/div>  <\/div> <\/div><\/div><div  data-label=\"Overlapable\" data-id=\"stripped-about-four-boxes-section\" data-category=\"overlapable\" class=\"stripped-about-four-boxes-section\" data-overlap=\"true\" id=\"overlapable-1\" style=\"background-color: rgb(255, 255, 255);\"> <div  class=\"gridContainer\"> <div  class=\"about-four-boxes-innerrow flexbox-list\"> <div  class=\"about-four-boxes-imgcol\" data-bg=\"image\" style=\"background-image: url(&quot;http:\/\/gfmvb.com\/wp-content\/uploads\/2025\/01\/Scherm\u00adafbeelding-2025-01-27-om-21.28.33.png&quot;);\"><\/div> <div  class=\"about-four-boxes-textcol\" data-type=\"column\">  <p  class=\"\"><\/p><p  class=\"MsoNormal\" align=\"center\" style=\"margin: 0cm; font-size: medium; font-family: Calibri, sans-serif; caret-color: rgb(0, 0, 0); color: rgb(0, 0, 0);\"><b ><span  style=\"font-size: 20pt; font-family: &quot;Source Sans Pro&quot;, sans-serif;\">Perspectives in Cardiovascular Biology 2025 \n<\/span><\/b><b ><span  style=\"font-size: 20pt; font-family: &quot;Times New Roman&quot;, serif;\"><o  :p=\"\"><\/o><\/span><\/b><\/p>  <p  class=\"MsoNormal\" style=\"margin: 0cm; font-size: medium; font-family: Calibri, sans-serif; caret-color: rgb(0, 0, 0); color: rgb(0, 0, 0); text-align: start;\"><b ><span  lang=\"EN-US\" style=\"font-size: 14pt; font-family: Arial, sans-serif;\">\n<br >The GfMVB meeting on Perspectives in Cardiovascular Biology in cooperation with the DFG-funded collaborative research centre SFB1531 Damage control by the stroma vascular compartment, will be held in Frankfurt am Main on April 3rd to 5th, 2025. \n<br ><br >We have put together an exciting program covering most up to date asepcts of cardiovascular research e.g., responses to damage, vascular dysfunction, repair &amp; remodelling, metabolism and angiogenesis&nbsp;&nbsp;<\/span><\/b><\/p><a class=\"button blue\" href=\"https:\/\/pcvb2025.de\/registration\" target=\"_blank\" rel=\"noopener noreferrer\">Registration &gt;&gt; Click here<\/a><\/div> <div  class=\"about-four-boxes-textcol\" data-type=\"column\">  <h2  class=\"\">Membership gfmvb&nbsp;<\/h2> <p  class=\"\">Our membership is drawn largely from the medical sciences including physiology, pathology, pharmacology, biophysics, developmental biology, genetics, computational &amp; systems biology, cardiology and internal medicine, as well as veterinary sciences.&nbsp;<\/p> <a class=\"button blue\" href=\"https:\/\/gfmvb.com?page_id=1613\" target=\"_self\" rel=\"noopener noreferrer\">Learn more<\/a><img  class=\"custom-image\" src=\"http:\/\/gfmvb.com\/wp-content\/uploads\/2020\/01\/vaten.png\" alt=\"\"><\/div> <div  class=\"about-four-boxes-imgcol2\" data-bg=\"image\" style=\"background-image: url(&quot;http:\/\/gfmvb.com\/wp-content\/uploads\/2025\/01\/Poster_IM2025_print-version_final_A3A4-1.png&quot;);\"><\/div> <\/div> <\/div><\/div><div  id=\"cta-1\" data-label=\"Call to action\" data-id=\"cta-blue-section\" data-category=\"cta\" class=\"cta-blue-section\"> <div  class=\"gridContainer\"> <div  class=\"flexbox-list flexbox-list-align-center row\"> <div  class=\"cta-blue-textcol dynamic-color\"> <h2  class=\"cta-blue-text\">Program&nbsp;joint meeting&nbsp;<\/h2> <\/div> <div  class=\"cta-blue-btncol\"> <a class=\"button big yellow dark-text\" href=\"https:\/\/pcvb2025.de\/program\" target=\"_self\" rel=\"noopener noreferrer\"> Available now <\/a> <\/div> <\/div> <\/div> <\/div><div  id=\"content-4\" style=\"background-color: #f6f6f6;\" data-label=\"Content\" data-id=\"content-image-right\" data-category=\"content\" class=\"content-right-image-section\"> <div  class=\"gridContainer\"> <div  class=\"content-right-image-gridcol\"> <div  class=\"content-right-image-textcol dynamic-color\" data-type=\"column\"> <h2  class=\"\">Emerging Scientist Award (sponsored by ibidi)<\/h2> <p  class=\"large_text\">The GfMVB Emerging Scientist Award is kindly sponsored by ibidi and awarded for excellent publications in the field of experimental and clinical research in microcirculation and vascular biology published in the year preceding the annual GfMVB conference. The typical applicant for the HR award is a postdoc researcher on her\/his\/their way to scientific independence. The top-three applicants will be invited to give a presentation at the annual meeting of the GfMVB. At the meeting, an expert jury-panel will select the winner based on the quality of the oral presentation. Besides eternal fame, the prizes are 2000 euro for the winner, and 500 euro for the runners up.<br >  <\/p> <a class=\"button blue\" href=\"https:\/\/gfmvb.com?page_id=145\" target=\"_self\" rel=\"noopener noreferrer\"> Learn More <\/a> <\/div> <div  class=\"content-right-image-imgcol\" data-type=\"column\"> <img  src=\"http:\/\/gfmvb.com\/wp-content\/uploads\/2025\/01\/ibidi-scaled.jpg\" class=\"\" alt=\"\"> <\/div> <\/div> <\/div> <\/div><div  id=\"content-3\" style=\"background-color: #ffffff;\" data-label=\"Content\" data-id=\"content-image-left\" data-category=\"content\" class=\"content-left-image-section\"> <div  class=\"gridContainer\"> <div  class=\"row\"> <div  class=\"content-left-image-imgcol\" data-type=\"column\"> <img  src=\"http:\/\/gfmvb.com\/wp-content\/uploads\/2020\/01\/alette_jacobs.gif\" class=\"\"> <\/div> <div  class=\"content-left-image-textcol dynamic-color\" data-type=\"column\"> <h2  class=\"\">Aletta Jacobs Awards<\/h2> <p  class=\"large_text\"> The Aletta Jacobs award is dedicated to promote female scientists in the field of vascular biology at the start of their career. It was first introduced at the joint Dutch German microcirculation meeting in 2018 in Amsterdam, and continued to promote cross-border vascular research involving junior scientists. Eligible are female PhD students, and female Postdocs within on year upon their thesis defense.<\/p> <a class=\"button blue\" href=\"https:\/\/gfmvb.com?page_id=81\" target=\"_self\" rel=\"noopener noreferrer\"> LEARN MORE <\/a> <\/div> <\/div> <\/div> <\/div><div  id=\"team-1\" style=\"background-color: #ffffff;\" data-label=\"Team\" data-id=\"team-colors-section\" data-category=\"team\" class=\"team-colors-section\"> <div  class=\"gridContainer\"> <div  class=\"team-colors-textcol dynamic-color\"> <h2 >Executive Committee:<\/h2> <p  class=\"\">The German Society for Microcirculation and Vascular Biology board 2024 \u2013 2025<\/p> <\/div> <div  class=\"team-colors-membersrow dark-text\" data-type=\"row\"> <div  class=\"team-colors-membercol cp3cols cp6cols-tablet\"> <div  class=\"team-colors-membercard\"> <div  class=\"team-colors-background\"><\/div> <div  class=\"team-colors-memberinfo\" data-type=\"column\"><img  class=\"team-colors-memberimg\" data-size=\"500x500\" src=\"http:\/\/gfmvb.com\/wp-content\/uploads\/2025\/01\/cropped-ralf-brandes.jpg\" alt=\"\"> <h4  class=\"team-colors-membername\">President<\/h4> <p  class=\"team-colors-memberposition\">Prof. Dr. med. <br >Ralf P. Brandes<\/p> <p  class=\"\">Direktor, Institut f\u00fcr Kardiovaskul\u00e4re Physiologie<br >Vascular Research Centre, Fachbereich Medizin<br >Goethe-Universit\u00e4t, Theodor-Stern-Kai 7<br >60590 Frankfurt am Main, Germany<\/p> <hr  class=\"team-colors-separator\"> <\/div> <div  class=\"team-colors-membericons\" data-type=\"group\"> <a href=\"#\" target=\"_self\" rel=\"noopener noreferrer\"><i  data-cp-fa=\"true\" class=\"team-colors-icon fa fa-linkedin\"><\/i><\/a> <a href=\"#\" target=\"_self\" data-reiki-hidden=\"true\" rel=\"noopener noreferrer\"><i  data-cp-fa=\"true\" class=\"fa team-colors-icon fa-twitter\"><\/i><\/a> <a href=\"#\" target=\"_self\" rel=\"noopener noreferrer\"><i  data-cp-fa=\"true\" class=\"fa team-colors-icon fa-dribbble\"><\/i><\/a> <\/div> <\/div> <\/div> <div  class=\"team-colors-membercol cp3cols cp6cols-tablet\"> <div  class=\"team-colors-membercard\"> <div  class=\"team-colors-background\"><\/div> <div  class=\"team-colors-memberinfo\" data-type=\"column\"><img  class=\"team-colors-memberimg\" data-size=\"500x500\" src=\"http:\/\/gfmvb.com\/wp-content\/uploads\/2025\/01\/cropped-susanne-flieg.jpg\" alt=\"\"> <h4  class=\"team-colors-membername\">Vice-President<\/h4> <p  class=\"team-colors-memberposition\">Dr. med. Susanne Fleig<\/p> <p  class=\"\">Ober\u00e4rztin<br >Medizinische Klinik 2 \/ Klinik f\u00fcr Nieren- und Hochdruckkrankheiten,<br >Rheumatologische und Immunologische Erkrankungen<br >Uniklinik RWTH Aachen, Pauwelsstr. 30<br >52074 Aachen, Germany<\/p> <hr  class=\"team-colors-separator\"> <\/div> <div  class=\"team-colors-membericons\" data-type=\"group\"> <a href=\"#\" target=\"_self\" rel=\"noopener\"><i  data-cp-fa=\"true\" class=\"team-colors-icon fa fa-linkedin\"><\/i><\/a> <a href=\"https:\/\/gfmvb.com\/@s_fleig\" target=\"_self\" rel=\"noopener\"><i  data-cp-fa=\"true\" class=\"fa team-colors-icon fa-twitter\"><\/i><\/a> <a href=\"#\" target=\"_self\" rel=\"noopener\"><i  data-cp-fa=\"true\" class=\"fa team-colors-icon fa-dribbble\"><\/i><\/a> <\/div> <\/div> <\/div> <div  class=\"team-colors-membercol cp3cols cp6cols-tablet\"> <div  class=\"team-colors-membercard\"> <div  class=\"team-colors-background\"><\/div> <div  class=\"team-colors-memberinfo\" data-type=\"column\"><img  class=\"team-colors-memberimg\" data-size=\"500x500\" src=\"http:\/\/gfmvb.com\/wp-content\/uploads\/2020\/01\/cropped-deWit.jpg\"> <h4  class=\"team-colors-membername\">Treasurer<\/h4> <p  class=\"team-colors-memberposition\">Prof. Dr. med. \n<br >Cor de Wit (L\u00fcbeck)<\/p> <p  class=\"\">Universit\u00e4t zu L\u00fcbeck<br >Institut f\u00fcr Physiologie<br >Ratzeburger Allee 160<br >23562 L\u00fcbeck<\/p> <hr  class=\"team-colors-separator\"> <\/div> <div  class=\"team-colors-membericons\" data-type=\"group\"> <a  href=\"#\"><i  data-cp-fa=\"true\" class=\"team-colors-icon fa fa-linkedin\"><\/i><\/a> <a  href=\"#\"><i  data-cp-fa=\"true\" class=\"fa fa-twitter team-colors-icon\"><\/i><\/a> <a  href=\"#\"><i  data-cp-fa=\"true\" class=\"fa fa-dribbble team-colors-icon\"><\/i><\/a> <\/div> <\/div> <\/div> <div  class=\"team-colors-membercol cp3cols cp6cols-tablet\"> <div  class=\"team-colors-membercard\"> <div  class=\"team-colors-background\"><\/div> <div  class=\"team-colors-memberinfo\" data-type=\"column\"><img  class=\"team-colors-memberimg\" data-size=\"500x500\" src=\"http:\/\/gfmvb.com\/wp-content\/uploads\/2020\/01\/cropped-cropped-FlN.jpg\" alt=\"\"> <h4  class=\"team-colors-membername\">General Secretary<\/h4> <p  class=\"team-colors-memberposition\">Prof. dr. Ferdinand le Noble<\/p> <p  class=\"\">Director Zoological Institute<br >Karlsruhe Institute of Technology<br >Fritz Haber Weg 4<br >76131, Karlsruhe, Germany<\/p> <hr  class=\"team-colors-separator\"> <\/div> <div  class=\"team-colors-membericons\" data-type=\"group\"> <a href=\"#\" target=\"_self\" rel=\"noopener\"><i  data-cp-fa=\"true\" class=\"team-colors-icon fa fa-linkedin\"><\/i><\/a> <a href=\"https:\/\/gfmvb.com\/@lenoblelab\" target=\"_self\" rel=\"noopener\"><i  data-cp-fa=\"true\" class=\"fa team-colors-icon fa-twitter\"><\/i><\/a> <a href=\"#\" target=\"_self\" rel=\"noopener\"><i  data-cp-fa=\"true\" class=\"fa team-colors-icon fa-dribbble\"><\/i><\/a> <\/div> <\/div> <\/div> <\/div> <\/div><\/div><div  id=\"contact-4\" data-label=\"Contact\" data-id=\"contact-section\" data-category=\"contact\" data-bg=\"transparent\" class=\"contact-section-formsection white-text\"> <div  class=\"gridContainer\"> <div  class=\"row_224\"> <div  class=\"contact-textrow\"> <div  class=\"contact-textcol dynamic-color\"> <h2  class=\"\">Upcoming Conferences &amp; Events 2025<\/h2> <p  class=\"white_text\"><\/p> <\/div> <\/div> <\/div> <div  class=\"contact-formcol\" data-content-shortcode=\"one_page_express_contact_form shortcode=&quot;ecs-list-events&quot;\" data-editable=\"true\"><div class=\"ecs-no-events\">There are no upcoming events.<\/div><\/div> <\/div><\/div><div  data-label=\"Features\" data-id=\"features-image-cards-section\" data-category=\"features\" class=\"features-image-cards-section\" style=\"background-color: rgb(246, 246, 246);\" id=\"features-2\"> <div  class=\"gridContainer\"> <div  class=\"features-image-cards-textrow\"> <div  class=\"features-image-cards-textcol dynamic-color\" data-type=\"column\"> <h2  class=\"\">A few things we\u2019re great at :<\/h2>  <\/div> <\/div> <div  class=\"features-image-cards-innerrow flexbox-list dark-text\" data-type=\"row\"> <div  class=\"features-image-cards-cardcol cp4cols cp6cols-tablet\"> <div  class=\"features-image-cards-cardrow\"><img  class=\"features-image-cards-featimg\" src=\"http:\/\/gfmvb.com\/wp-content\/uploads\/2020\/01\/Krakow.jpg\"> <div  class=\"features-image-cards-cardtextrow\" data-type=\"column\">   <a href=\"https:\/\/evbo.org\" class=\"\" target=\"_blank\" rel=\"noopener noreferrer\"><i  data-cp-fa=\"true\" class=\"font-icon-22 fa fa-arrow-circle-right\"><\/i>&nbsp;learn more<\/a> <p  class=\"\">\n<br >Upcoming meeting Microcirculation Society Meeting 2020<\/p><\/div> <\/div> <\/div> <div  class=\"features-image-cards-cardcol cp4cols cp6cols-tablet\"> <div  class=\"features-image-cards-cardrow\"><img  class=\"features-image-cards-featimg\" src=\"http:\/\/gfmvb.com\/wp-content\/uploads\/2020\/01\/Young_Investigator_Award_2019.jpg\"> <div  class=\"features-image-cards-cardtextrow\" data-type=\"column\">   <a href=\"https:\/\/gfmvb.com?page_id=250\" class=\"\" target=\"_self\" rel=\"noopener noreferrer\"><i  data-cp-fa=\"true\" class=\"font-icon-22 fa fa-arrow-circle-right\"><\/i>&nbsp;learn more<\/a> <p  class=\"\">\n<br >Young investigator award \/ best oral communication award 2019<\/p><\/div> <\/div> <\/div> <div  class=\"features-image-cards-cardcol cp4cols cp6cols-tablet\"> <div  class=\"features-image-cards-cardrow\"><img  class=\"features-image-cards-featimg\" src=\"http:\/\/gfmvb.com\/wp-content\/uploads\/2020\/01\/Hermann_Rein_Award_2019.jpg\"> <div  class=\"features-image-cards-cardtextrow\" data-type=\"column\">   <a href=\"https:\/\/gfmvb.com?page_id=258\" class=\"\" target=\"_self\" rel=\"noopener noreferrer\"><i  data-cp-fa=\"true\" class=\"font-icon-22 fa fa-arrow-circle-right\"><\/i>&nbsp;learn more<\/a> <p  class=\"\">\n<br >Herman Rein ward 2019 for Mauro Siragusa from Frankfurt<\/p><\/div> <\/div> <\/div> <\/div> <\/div><\/div>","protected":false},"excerpt":{"rendered":"<p>Regular Membership Regular mebership: 50 euro per year Registration form Student membership Student membership: 20 euro per year Registration form PCVB2025Conference Registration\u201cOPEN\u201d Registration is open Perspectives in Cardiovascular Biology 2025 The GfMVB meeting on Perspectives in Cardiovascular Biology in cooperation with the DFG-funded collaborative research centre SFB1531 Damage control by the stroma vascular compartment, will&hellip; <br \/> <a class=\"button small blue\" href=\"https:\/\/gfmvb.com\/?p=1\">Read more<\/a><\/p>\n","protected":false},"author":1,"featured_media":0,"parent":0,"menu_order":0,"comment_status":"closed","ping_status":"closed","template":"","meta":[],"_links":{"self":[{"href":"https:\/\/gfmvb.com\/index.php?rest_route=\/wp\/v2\/pages\/4"}],"collection":[{"href":"https:\/\/gfmvb.com\/index.php?rest_route=\/wp\/v2\/pages"}],"about":[{"href":"https:\/\/gfmvb.com\/index.php?rest_route=\/wp\/v2\/types\/page"}],"author":[{"embeddable":true,"href":"https:\/\/gfmvb.com\/index.php?rest_route=\/wp\/v2\/users\/1"}],"replies":[{"embeddable":true,"href":"https:\/\/gfmvb.com\/index.php?rest_route=%2Fwp%2Fv2%2Fcomments&post=4"}],"version-history":[{"count":92,"href":"https:\/\/gfmvb.com\/index.php?rest_route=\/wp\/v2\/pages\/4\/revisions"}],"predecessor-version":[{"id":1641,"href":"https:\/\/gfmvb.com\/index.php?rest_route=\/wp\/v2\/pages\/4\/revisions\/1641"}],"wp:attachment":[{"href":"https:\/\/gfmvb.com\/index.php?rest_route=%2Fwp%2Fv2%2Fmedia&parent=4"}],"curies":[{"name":"wp","href":"https:\/\/api.w.org\/{rel}","templated":true}]}}